{"id":16,"date":"2021-09-30T12:42:33","date_gmt":"2021-09-30T15:42:33","guid":{"rendered":"http:\/\/henriquesilva.adv.br\/?page_id=16"},"modified":"2021-11-10T14:34:23","modified_gmt":"2021-11-10T17:34:23","slug":"escritorio","status":"publish","type":"page","link":"https:\/\/henriquesilva.adv.br\/index.php\/escritorio\/","title":{"rendered":"Escrit\u00f3rio"},"content":{"rendered":"<div class=\"wpb-content-wrapper\"><p>[vc_row][vc_column]<div class=\"cz_gap clr  hide_on_tablet hide_on_mobile\" style=\"height: 100px\"><\/div><div class=\"cz_gap show_on_tablet clr  show_only_tablet\" style=\"height: 80px\"><\/div><div class=\"cz_gap show_on_mobile clr\" style=\"height: 30px\"><\/div>[\/vc_column][\/vc_row][vc_row][vc_column]<div id=\"cz_77848\" class=\"cz_77848 cz_title clr cz_title_pos_inline tac\"><div class=\"cz_title_content\"><div class=\"cz_wpe_content\"><h3 style=\"text-align: center;\"><span style=\"font-family: inherit;\"><strong>Henrique Silva Advogados Associados<\/strong><\/span><\/h3>\n<\/div><\/div><\/div><div class=\"cz_gap clr  hide_on_tablet hide_on_mobile\" style=\"height: 50px\"><\/div><div class=\"cz_gap show_on_tablet clr  show_only_tablet\" style=\"height: 30px\"><\/div><div class=\"cz_gap show_on_mobile clr\" style=\"height: 20px\"><\/div><div id=\"cz_27594\" class=\"cz_27594 cz_title clr cz_title_pos_inline\"><div class=\"cz_title_content\"><div class=\"cz_wpe_content\"><p align=\"justify\">Henrique Silva Advogados Associados \u00e9 uma sociedade de advogados, devidamente constitu\u00edda e inscrita na Ordem dos Advogados do Brasil sob n\u00ba 9010, Sec\u00e7\u00e3o S\u00e3o Paulo, e mant\u00e9m compromisso com a \u00e9tica, qualidade e efici\u00eancia na assessoria jur\u00eddica a pessoas f\u00edsicas e a sociedades empres\u00e1rias. O HSA, conta com advogados especializados, consultores e parceiros altamente capacitados para o pronto atendimento personalizado dos seus clientes. O objetivo do HSA \u00e9 trazer aos seus clientes solu\u00e7\u00f5es r\u00e1pidas e precisas, minimizando os riscos dos neg\u00f3cios e evitando preju\u00edzos financeiros, sempre valorizando suas fontes de pesquisas doutrin\u00e1ria, legislativa e jurisprudencial.<\/p>\n<p class=\"bottom30\">O escrit\u00f3rio tem sua sede na Cidade de S\u00e3o Paulo e conta com correspondentes em todo o territ\u00f3rio nacional.<\/p>\n<\/div><\/div><\/div><div class=\"cz_gap clr  hide_on_tablet hide_on_mobile\" style=\"height: 50px\"><\/div><div class=\"cz_gap show_on_tablet clr  show_only_tablet\" style=\"height: 30px\"><\/div><div class=\"cz_gap show_on_mobile clr\" style=\"height: 20px\"><\/div><div id=\"cz_78341\" class=\"cz_78341 cz_title clr cz_title_pos_inline tac\"><div class=\"cz_title_content\"><div class=\"cz_wpe_content\"><h4 style=\"text-align: center;\"><span style=\"font-family: inherit;\">Nossos Diferenciais<\/span><\/h4>\n<\/div><\/div><\/div><div class=\"cz_gap clr  hide_on_tablet hide_on_mobile\" style=\"height: 50px\"><\/div><div class=\"cz_gap show_on_tablet clr  show_only_tablet\" style=\"height: 30px\"><\/div><div class=\"cz_gap show_on_mobile clr\" style=\"height: 20px\"><\/div>[\/vc_column][\/vc_row][vc_row][vc_column width=&#8221;1\/2&#8243;]<div id=\"cz_56842\" class=\"cz_56842 cz_image clr cz_image_no_fx center_on_mobile\"><div class=\"\" ><div class=\"cz_image_in\"><div class=\"cz_main_image\"><img decoding=\"async\" width=\"500\" height=\"500\" src=\"data:image\/svg+xml,%3Csvg%20xmlns%3D&#39;http%3A%2F%2Fwww.w3.org%2F2000%2Fsvg&#39;%20width=&#39;500&#39;%20height=&#39;500&#39;%20viewBox%3D&#39;0%200%20500%20500&#39;%2F%3E\" data-czlz data-src=\"https:\/\/henriquesilva.adv.br\/wp-content\/uploads\/2021\/10\/MISSAO.png\" class=\"attachment-full\" alt=\"\" title=\"MISS\u00c3O\" data-srcset=\"https:\/\/henriquesilva.adv.br\/wp-content\/uploads\/2021\/10\/MISSAO.png 500w, https:\/\/henriquesilva.adv.br\/wp-content\/uploads\/2021\/10\/MISSAO-300x300.png 300w, https:\/\/henriquesilva.adv.br\/wp-content\/uploads\/2021\/10\/MISSAO-150x150.png 150w\" data-sizes=\"(max-width: 500px) 100vw, 500px\" \/><\/div><\/div><\/div><\/div>[\/vc_column][vc_column width=&#8221;1\/2&#8243;]<div class=\"cz_eqh cz_content_box_parent_fx  \"><div id=\"cz_25654\" class=\"cz_25654 cz_content_box clr\"><div class=\"cz_box_front clr\"><div class=\"cz_box_front_inner clr \"><span><\/span><div><ul id=\"cz_72286\" class=\"cz_72286 cz_stylish_list clr cz_sl_icon_hover_zoom_in\"><li class=\"clr\"><div class=\"cz_sl_icon\"><i class=\"fa czico-030-target-2 mr10\"><\/i><\/div><div><span>Miss\u00e3o<small>O escrit\u00f3rio Henrique Silva Advogados tem como objetivo resguardar os interesses de nossos constituintes, assessorando-os juridicamente em diversas \u00e1reas do Direito.<\/small><\/span><\/div><\/li><\/ul><ul id=\"cz_11906\" class=\"cz_11906 cz_stylish_list clr cz_sl_icon_hover_zoom_in\"><li class=\"clr\"><div class=\"cz_sl_icon\"><i class=\"fa czico-050-eye mr10\"><\/i><\/div><div><span>Vis\u00e3o<small>Ser reconhecido pelo trabalho de qualidade e resultados contribuindo para o desenvolvimento de seus profissionais e da sociedade.<\/small><\/span><\/div><\/li><\/ul><ul id=\"cz_76702\" class=\"cz_76702 cz_stylish_list clr cz_sl_icon_hover_zoom_in\"><li class=\"clr\"><div class=\"cz_sl_icon\"><i class=\"fa czico-056-quality mr10\"><\/i><\/div><div><span>Valores<small>A \u00e9tica e a excel\u00eancia dos nossos servi\u00e7os visando a satisfa\u00e7\u00e3o dos nossos clientes.<\/small><\/span><\/div><\/li><\/ul><\/div><\/div><\/div><\/div><\/div>[\/vc_column][\/vc_row][vc_row][vc_column][\/vc_column][\/vc_row][vc_row][vc_column]<div class=\"cz_gap clr  hide_on_tablet hide_on_mobile\" style=\"height: 100px\"><\/div><div class=\"cz_gap show_on_tablet clr  show_only_tablet\" style=\"height: 80px\"><\/div><div class=\"cz_gap show_on_mobile clr\" style=\"height: 30px\"><\/div>[\/vc_column][\/vc_row]<\/p>\n<\/div>","protected":false},"excerpt":{"rendered":"<p>[vc_row][vc_column][\/vc_column][\/vc_row][vc_row][vc_column][\/vc_column][\/vc_row][vc_row][vc_column width=&#8221;1\/2&#8243;][\/vc_column][vc_column width=&#8221;1\/2&#8243;][\/vc_column][\/vc_row][vc_row][vc_column][\/vc_column][\/vc_row][vc_row][vc_column][\/vc_column][\/vc_row] &#8230; <\/p>\n","protected":false},"author":1,"featured_media":0,"parent":0,"menu_order":0,"comment_status":"closed","ping_status":"closed","template":"","meta":{"footnotes":""},"class_list":["post-16","page","type-page","status-publish","hentry"],"_links":{"self":[{"href":"https:\/\/henriquesilva.adv.br\/index.php\/wp-json\/wp\/v2\/pages\/16","targetHints":{"allow":["GET"]}}],"collection":[{"href":"https:\/\/henriquesilva.adv.br\/index.php\/wp-json\/wp\/v2\/pages"}],"about":[{"href":"https:\/\/henriquesilva.adv.br\/index.php\/wp-json\/wp\/v2\/types\/page"}],"author":[{"embeddable":true,"href":"https:\/\/henriquesilva.adv.br\/index.php\/wp-json\/wp\/v2\/users\/1"}],"replies":[{"embeddable":true,"href":"https:\/\/henriquesilva.adv.br\/index.php\/wp-json\/wp\/v2\/comments?post=16"}],"version-history":[{"count":10,"href":"https:\/\/henriquesilva.adv.br\/index.php\/wp-json\/wp\/v2\/pages\/16\/revisions"}],"predecessor-version":[{"id":203,"href":"https:\/\/henriquesilva.adv.br\/index.php\/wp-json\/wp\/v2\/pages\/16\/revisions\/203"}],"wp:attachment":[{"href":"https:\/\/henriquesilva.adv.br\/index.php\/wp-json\/wp\/v2\/media?parent=16"}],"curies":[{"name":"wp","href":"https:\/\/api.w.org\/{rel}","templated":true}]}}