{"id":2,"date":"2021-09-28T12:47:45","date_gmt":"2021-09-28T15:47:45","guid":{"rendered":"http:\/\/henriquesilva.adv.br\/?page_id=2"},"modified":"2022-01-11T14:57:00","modified_gmt":"2022-01-11T17:57:00","slug":"pagina-exemplo","status":"publish","type":"page","link":"https:\/\/henriquesilva.adv.br\/","title":{"rendered":"Henrique Silva Advogados"},"content":{"rendered":"<div class=\"wpb-content-wrapper\"><p>[vc_row][vc_column]<div class=\"cz_gap clr  hide_on_tablet hide_on_mobile\" style=\"height: 100px\"><\/div><div class=\"cz_gap show_on_tablet clr  show_only_tablet\" style=\"height: 80px\"><\/div><div class=\"cz_gap show_on_mobile clr\" style=\"height: 30px\"><\/div>[\/vc_column][\/vc_row][vc_row][vc_column width=&#8221;1\/6&#8243;][\/vc_column][vc_column width=&#8221;2\/3&#8243;][vc_column_text]<\/p>\n<h3 style=\"text-align: center;\"><span style=\"font-family: inherit;\"><strong>Henrique Silva Advogados Associados<\/strong><\/span><\/h3>\n<p>[\/vc_column_text][vc_column_text]Sociedade de advogados, devidamente constitu\u00edda e inscrita na Ordem dos Advogados do Brasil sob n\u00ba 9010, Sec\u00e7\u00e3o S\u00e3o Paulo, e mant\u00e9m compromisso com a \u00e9tica, qualidade e efici\u00eancia na assessoria jur\u00eddica a pessoas f\u00edsicas e a sociedades empres\u00e1rias.[\/vc_column_text]<div class=\"cz_btn_center\"><div class=\"cz_56394_p\"><a id=\"cz_56394\" class=\"cz_56394 cz_btn cz_btn_txt_move_down cz_btn_no_fx cz_btn_icon_after\" href=\"http:\/\/henriquesilva.adv.br\/index.php\/escritorio\/\" title=\"Escrit\u00f3rio\" aria-label=\"Escrit\u00f3rio\"><span><strong>Saiba Mais<\/strong><i class=\"fa fa-long-arrow-right\"><\/i><\/span><b class=\"cz_btn_onhover\"><strong>Saiba Mais<\/strong><i class=\"fa fa-long-arrow-right\"><\/i><\/b><\/a><\/div><\/div>[\/vc_column][vc_column width=&#8221;1\/6&#8243;][\/vc_column][\/vc_row][vc_row][vc_column]<div class=\"cz_gap clr  hide_on_tablet hide_on_mobile\" style=\"height: 100px\"><\/div><div class=\"cz_gap show_on_tablet clr  show_only_tablet\" style=\"height: 80px\"><\/div><div class=\"cz_gap show_on_mobile clr\" style=\"height: 30px\"><\/div>[\/vc_column][\/vc_row][vc_row full_width=&#8221;stretch_row&#8221; parallax=&#8221;content-moving&#8221; css=&#8221;.vc_custom_1636134173238{background-image: url(https:\/\/henriquesilva.adv.br\/wp-content\/uploads\/2021\/10\/Design-sem-nome-47.jpg?id=53) !important;}&#8221; el_id=&#8221;atuacao&#8221;][vc_column offset=&#8221;vc_hidden-sm vc_hidden-xs&#8221;]<div class=\"cz_gap clr  hide_on_tablet hide_on_mobile\" style=\"height: 100px\"><\/div><div class=\"cz_gap show_on_tablet clr  show_only_tablet\" style=\"height: 80px\"><\/div><div class=\"cz_gap show_on_mobile clr\" style=\"height: 30px\"><\/div>[vc_column_text]<\/p>\n<h3 style=\"text-align: center;\"><span style=\"color: #333333; font-family: inherit;\">\u00c1reas<strong>\u00a0de Atua\u00e7\u00e3o<\/strong><\/span><\/h3>\n<p>[\/vc_column_text][vc_row_inner][vc_column_inner width=&#8221;1\/5&#8243; offset=&#8221;vc_hidden-sm vc_hidden-xs&#8221;]<div class=\"cz_eqh cz_content_box_parent_fx  \"><div id=\"cz_47443\" class=\"cz_47443 cz_content_box clr\"><div class=\"cz_box_front clr\"><div class=\"cz_box_front_inner clr \"><span><\/span><div><div id=\"cz_23749\" class=\"cz_23749 cz_social_icons cz_social clr tac\"><a href=\"njrdye\" class=\"cz-pen-nib\" target=\"_blank\" rel=\"noopener noreferrer\" title=\"njyer\" aria-label=\"njyer\"><i class=\"fas fa-pen-nib\"><\/i><\/a><\/div><div id=\"cz_29142\" class=\"cz_29142 cz_title clr cz_title_pos_inline tac\"><div class=\"cz_title_content\"><div class=\"cz_wpe_content\"><p style=\"text-align: center;\"><span style=\"color: #ffffff; font-weight: 400;\">Direito Civil<\/span><\/p>\n<\/div><\/div><\/div><\/div><\/div><\/div><\/div><\/div>[\/vc_column_inner][vc_column_inner width=&#8221;1\/5&#8243; offset=&#8221;vc_hidden-sm vc_hidden-xs&#8221;]<div class=\"cz_eqh cz_content_box_parent_fx  \"><div id=\"cz_90700\" class=\"cz_90700 cz_content_box clr\"><div class=\"cz_box_front clr\"><div class=\"cz_box_front_inner clr \"><span><\/span><div><div id=\"cz_41837\" class=\"cz_41837 cz_social_icons cz_social clr tac\"><a href=\"njrdye\" class=\"cz-home\" target=\"_blank\" rel=\"noopener noreferrer\" title=\"njyer\" aria-label=\"njyer\"><i class=\"fas fa-home\"><\/i><\/a><\/div><div id=\"cz_27697\" class=\"cz_27697 cz_title clr cz_title_pos_inline tac\"><div class=\"cz_title_content\"><div class=\"cz_wpe_content\"><div style=\"text-align: center; line-height: 1.2;\"><span style=\"color: #ffffff; font-weight: 400; font-size: 16px;\">Direito Imobili\u00e1rio<\/span><\/div>\n<\/div><\/div><\/div><\/div><\/div><\/div><\/div><\/div>[\/vc_column_inner][vc_column_inner width=&#8221;1\/5&#8243; offset=&#8221;vc_hidden-sm vc_hidden-xs&#8221;]<div class=\"cz_eqh cz_content_box_parent_fx  \"><div id=\"cz_99414\" class=\"cz_99414 cz_content_box clr\"><div class=\"cz_box_front clr\"><div class=\"cz_box_front_inner clr \"><span><\/span><div><div id=\"cz_13291\" class=\"cz_13291 cz_social_icons cz_social clr tac\"><a href=\"njrdye\" class=\"cz-briefcase\" target=\"_blank\" rel=\"noopener noreferrer\" title=\"njyer\" aria-label=\"njyer\"><i class=\"fas fa-briefcase\"><\/i><\/a><\/div><div id=\"cz_40308\" class=\"cz_40308 cz_title clr cz_title_pos_inline tac\"><div class=\"cz_title_content\"><div class=\"cz_wpe_content\"><div style=\"text-align: center; line-height: 1.2;\"><span style=\"color: #ffffff; font-weight: 400; font-size: 16px;\">Direito do Trabalho<\/span><\/div>\n<\/div><\/div><\/div><\/div><\/div><\/div><\/div><\/div>[\/vc_column_inner][vc_column_inner width=&#8221;1\/5&#8243; offset=&#8221;vc_hidden-sm vc_hidden-xs&#8221;]<div class=\"cz_eqh cz_content_box_parent_fx  \"><div id=\"cz_85610\" class=\"cz_85610 cz_content_box clr\"><div class=\"cz_box_front clr\"><div class=\"cz_box_front_inner clr \"><span><\/span><div><div id=\"cz_104138\" class=\"cz_104138 cz_social_icons cz_social clr tac\"><a href=\"njrdye\" class=\"cz-074-money-1\" target=\"_blank\" rel=\"noopener noreferrer\" title=\"njyer\" aria-label=\"njyer\"><i class=\"fa czico-074-money-1\"><\/i><\/a><\/div><div id=\"cz_90525\" class=\"cz_90525 cz_title clr cz_title_pos_inline tac\"><div class=\"cz_title_content\"><div class=\"cz_wpe_content\"><div style=\"text-align: center; line-height: 1.2;\"><span style=\"color: #ffffff; font-weight: 400; font-size: 16px;\">Direito Tribut\u00e1rio<\/span><\/div>\n<\/div><\/div><\/div><\/div><\/div><\/div><\/div><\/div>[\/vc_column_inner][vc_column_inner width=&#8221;1\/5&#8243; offset=&#8221;vc_hidden-sm vc_hidden-xs&#8221;]<div class=\"cz_eqh cz_content_box_parent_fx  \"><div id=\"cz_45537\" class=\"cz_45537 cz_content_box clr\"><div class=\"cz_box_front clr\"><div class=\"cz_box_front_inner clr \"><span><\/span><div><div id=\"cz_96930\" class=\"cz_96930 cz_social_icons cz_social clr tac\"><a href=\"njrdye\" class=\"cz-file-alt\" target=\"_blank\" rel=\"noopener noreferrer\" title=\"njyer\" aria-label=\"njyer\"><i class=\"fas fa-file-alt\"><\/i><\/a><\/div><div id=\"cz_105153\" class=\"cz_105153 cz_title clr cz_title_pos_inline tac\"><div class=\"cz_title_content\"><div class=\"cz_wpe_content\"><div style=\"text-align: center; line-height: 1.2;\"><span style=\"color: #ffffff; font-weight: 400;\">Direito<br \/>\nContratual<\/span><\/div>\n<\/div><\/div><\/div><\/div><\/div><\/div><\/div><\/div>[\/vc_column_inner][\/vc_row_inner]<div class=\"cz_gap clr  hide_on_tablet hide_on_mobile\" style=\"height: 100px\"><\/div><div class=\"cz_gap show_on_tablet clr  show_only_tablet\" style=\"height: 80px\"><\/div><div class=\"cz_gap show_on_mobile clr\" style=\"height: 30px\"><\/div>[\/vc_column][\/vc_row][vc_row full_width=&#8221;stretch_row&#8221; parallax=&#8221;content-moving&#8221; el_id=&#8221;atuacao&#8221;][vc_column offset=&#8221;vc_hidden-lg vc_hidden-md&#8221;]<div class=\"cz_gap clr  hide_on_tablet hide_on_mobile\" style=\"height: 100px\"><\/div><div class=\"cz_gap show_on_tablet clr  show_only_tablet\" style=\"height: 80px\"><\/div><div class=\"cz_gap show_on_mobile clr\" style=\"height: 30px\"><\/div>[vc_column_text]<\/p>\n<h3 style=\"text-align: center;\"><span style=\"color: #333333; font-family: inherit;\">\u00c1reas<strong>\u00a0de Atua\u00e7\u00e3o<\/strong><\/span><\/h3>\n<p>[\/vc_column_text][vc_row_inner][vc_column_inner offset=&#8221;vc_hidden-lg vc_hidden-md&#8221;]<div id=\"cz_19296\" class=\"cz_grid_p cz_19296\"><div class=\"cz_grid cz_grid_1 clr cz_grid_c2 cz_grid_1_no_title cz_grid_1_mid tac cz_grid_two_columns_on_mobile\"><div class=\"cz_grid_item cz_grid_first\"><\/div><div class=\"cz_grid_item \"><div><a class=\"cz_grid_link \" href=\"https:\/\/henriquesilva.adv.br\/wp-content\/uploads\/2021\/11\/Direito-civil-14.png\" data-xtra-lightbox><img decoding=\"async\" width=\"300\" height=\"320\" src=\"data:image\/svg+xml,%3Csvg%20xmlns%3D&#39;http%3A%2F%2Fwww.w3.org%2F2000%2Fsvg&#39;%20width=&#39;300&#39;%20height=&#39;320&#39;%20viewBox%3D&#39;0%200%20300%20320&#39;%2F%3E\" data-czlz data-src=\"https:\/\/henriquesilva.adv.br\/wp-content\/uploads\/2021\/11\/Direito-civil-14.png\" class=\"attachment-codevz_600_600\" alt=\"\" title=\"Direito civil (14)\" data-srcset=\"https:\/\/henriquesilva.adv.br\/wp-content\/uploads\/2021\/11\/Direito-civil-14.png 300w, https:\/\/henriquesilva.adv.br\/wp-content\/uploads\/2021\/11\/Direito-civil-14-281x300.png 281w\" data-sizes=\"(max-width: 300px) 100vw, 300px\" \/><div class=\"cz_grid_details\"><i class=\"fa fa-search cz_grid_icon\"><\/i><\/div><\/a><\/div><\/div><div class=\"cz_grid_item \"><div><a class=\"cz_grid_link \" href=\"https:\/\/henriquesilva.adv.br\/wp-content\/uploads\/2021\/11\/Direito-civil-13.png\" data-xtra-lightbox><img decoding=\"async\" width=\"300\" height=\"320\" src=\"data:image\/svg+xml,%3Csvg%20xmlns%3D&#39;http%3A%2F%2Fwww.w3.org%2F2000%2Fsvg&#39;%20width=&#39;300&#39;%20height=&#39;320&#39;%20viewBox%3D&#39;0%200%20300%20320&#39;%2F%3E\" data-czlz data-src=\"https:\/\/henriquesilva.adv.br\/wp-content\/uploads\/2021\/11\/Direito-civil-13.png\" class=\"attachment-codevz_600_600\" alt=\"\" title=\"Direito civil (13)\" data-srcset=\"https:\/\/henriquesilva.adv.br\/wp-content\/uploads\/2021\/11\/Direito-civil-13.png 300w, https:\/\/henriquesilva.adv.br\/wp-content\/uploads\/2021\/11\/Direito-civil-13-281x300.png 281w\" data-sizes=\"(max-width: 300px) 100vw, 300px\" \/><div class=\"cz_grid_details\"><i class=\"fa fa-search cz_grid_icon\"><\/i><\/div><\/a><\/div><\/div><div class=\"cz_grid_item \"><div><a class=\"cz_grid_link \" href=\"https:\/\/henriquesilva.adv.br\/wp-content\/uploads\/2021\/11\/Direito-civil-12.png\" data-xtra-lightbox><img decoding=\"async\" width=\"300\" height=\"320\" src=\"data:image\/svg+xml,%3Csvg%20xmlns%3D&#39;http%3A%2F%2Fwww.w3.org%2F2000%2Fsvg&#39;%20width=&#39;300&#39;%20height=&#39;320&#39;%20viewBox%3D&#39;0%200%20300%20320&#39;%2F%3E\" data-czlz data-src=\"https:\/\/henriquesilva.adv.br\/wp-content\/uploads\/2021\/11\/Direito-civil-12.png\" class=\"attachment-codevz_600_600\" alt=\"\" title=\"Direito civil (12)\" data-srcset=\"https:\/\/henriquesilva.adv.br\/wp-content\/uploads\/2021\/11\/Direito-civil-12.png 300w, https:\/\/henriquesilva.adv.br\/wp-content\/uploads\/2021\/11\/Direito-civil-12-281x300.png 281w\" data-sizes=\"(max-width: 300px) 100vw, 300px\" \/><div class=\"cz_grid_details\"><i class=\"fa fa-search cz_grid_icon\"><\/i><\/div><\/a><\/div><\/div><div class=\"cz_grid_item \"><div><a class=\"cz_grid_link \" href=\"https:\/\/henriquesilva.adv.br\/wp-content\/uploads\/2021\/11\/Direito-civil-11.png\" data-xtra-lightbox><img decoding=\"async\" width=\"300\" height=\"320\" src=\"data:image\/svg+xml,%3Csvg%20xmlns%3D&#39;http%3A%2F%2Fwww.w3.org%2F2000%2Fsvg&#39;%20width=&#39;300&#39;%20height=&#39;320&#39;%20viewBox%3D&#39;0%200%20300%20320&#39;%2F%3E\" data-czlz data-src=\"https:\/\/henriquesilva.adv.br\/wp-content\/uploads\/2021\/11\/Direito-civil-11.png\" class=\"attachment-codevz_600_600\" alt=\"\" title=\"Direito civil (11)\" data-srcset=\"https:\/\/henriquesilva.adv.br\/wp-content\/uploads\/2021\/11\/Direito-civil-11.png 300w, https:\/\/henriquesilva.adv.br\/wp-content\/uploads\/2021\/11\/Direito-civil-11-281x300.png 281w\" data-sizes=\"(max-width: 300px) 100vw, 300px\" \/><div class=\"cz_grid_details\"><i class=\"fa fa-search cz_grid_icon\"><\/i><\/div><\/a><\/div><\/div><div class=\"cz_grid_item \"><div><a class=\"cz_grid_link \" href=\"https:\/\/henriquesilva.adv.br\/wp-content\/uploads\/2021\/11\/Direito-civil-10.png\" data-xtra-lightbox><img decoding=\"async\" width=\"300\" height=\"320\" src=\"data:image\/svg+xml,%3Csvg%20xmlns%3D&#39;http%3A%2F%2Fwww.w3.org%2F2000%2Fsvg&#39;%20width=&#39;300&#39;%20height=&#39;320&#39;%20viewBox%3D&#39;0%200%20300%20320&#39;%2F%3E\" data-czlz data-src=\"https:\/\/henriquesilva.adv.br\/wp-content\/uploads\/2021\/11\/Direito-civil-10.png\" class=\"attachment-codevz_600_600\" alt=\"\" title=\"Direito civil (10)\" data-srcset=\"https:\/\/henriquesilva.adv.br\/wp-content\/uploads\/2021\/11\/Direito-civil-10.png 300w, https:\/\/henriquesilva.adv.br\/wp-content\/uploads\/2021\/11\/Direito-civil-10-281x300.png 281w\" data-sizes=\"(max-width: 300px) 100vw, 300px\" \/><div class=\"cz_grid_details\"><i class=\"fa fa-search cz_grid_icon\"><\/i><\/div><\/a><\/div><\/div><\/div><\/div>[\/vc_column_inner][\/vc_row_inner]<div class=\"cz_gap clr  hide_on_tablet hide_on_mobile\" style=\"height: 100px\"><\/div><div class=\"cz_gap show_on_tablet clr  show_only_tablet\" style=\"height: 80px\"><\/div><div class=\"cz_gap show_on_mobile clr\" style=\"height: 30px\"><\/div>[\/vc_column][\/vc_row][vc_row][vc_column]<div class=\"cz_gap clr  hide_on_tablet hide_on_mobile\" style=\"height: 100px\"><\/div><div class=\"cz_gap show_on_tablet clr  show_only_tablet\" style=\"height: 80px\"><\/div><div class=\"cz_gap show_on_mobile clr\" style=\"height: 30px\"><\/div>[\/vc_column][\/vc_row][vc_row el_id=&#8221;equipe&#8221;][vc_column width=&#8221;1\/6&#8243;][\/vc_column][vc_column width=&#8221;2\/3&#8243; offset=&#8221;vc_hidden-lg vc_hidden-md vc_hidden-sm vc_hidden-xs&#8221;][vc_row_inner][vc_column_inner width=&#8221;1\/4&#8243;]<div class=\"cz_gap clr \" style=\"height: 50px\"><\/div>[vc_single_image image=&#8221;87&#8243; img_size=&#8221;medium&#8221; alignment=&#8221;center&#8221; style=&#8221;vc_box_circle_2&#8243;][\/vc_column_inner][vc_column_inner width=&#8221;3\/4&#8243;][vc_column_text]<\/p>\n<h3 style=\"text-align: center;\"><span style=\"font-family: inherit;\"><strong>Henrique Silva Advogados<\/strong><\/span><\/h3>\n<p>[\/vc_column_text][vc_column_text]O escrit\u00f3rio Henrique Silva Advogados conta com equipe coesa e profissionais extremamente qualificados em diversas \u00e1reas do direito e est\u00e1 representado pelo seu s\u00f3cio titular Fabiano Henrique Silva, advogado com especializa\u00e7\u00e3o em Direito Processual Civil, pela Escola Paulista da Magistratura e em Direito Empresarial pela Escola Paulista de Direito e autor de artigos jur\u00eddicos.[\/vc_column_text]<div class=\"cz_btn_center\"><div class=\"cz_28704_p\"><a id=\"cz_28704\" class=\"cz_28704 cz_btn cz_btn_txt_move_down cz_btn_no_fx cz_btn_icon_after\" href=\"http:\/\/henriquesilva.adv.br\/index.php\/equipe\/\" title=\"Equipe\" aria-label=\"Equipe\"><span><strong>Conhe\u00e7a nossa Equipe<\/strong><i class=\"fa fa-long-arrow-right\"><\/i><\/span><b class=\"cz_btn_onhover\"><strong>Conhe\u00e7a nossa Equipe<\/strong><i class=\"fa fa-long-arrow-right\"><\/i><\/b><\/a><\/div><\/div>[\/vc_column_inner][\/vc_row_inner][\/vc_column][vc_column width=&#8221;1\/6&#8243;][\/vc_column][\/vc_row][vc_row][vc_column width=&#8221;1\/6&#8243;][\/vc_column][vc_column width=&#8221;2\/3&#8243;][vc_row_inner][vc_column_inner][vc_column_text]<\/p>\n<h3 style=\"text-align: center;\"><span style=\"font-family: inherit;\"><strong>Henrique Silva Advogados<\/strong><\/span><\/h3>\n<p>[\/vc_column_text][vc_column_text]<\/p>\n<p style=\"text-align: center;\">O escrit\u00f3rio Henrique Silva Advogados conta com equipe coesa e profissionais extremamente qualificados em diversas \u00e1reas do direito e est\u00e1 representado pelo seu s\u00f3cio titular Fabiano Henrique Silva, advogado com especializa\u00e7\u00e3o em Direito Processual Civil, pela Escola Paulista da Magistratura e em Direito Empresarial pela Escola Paulista de Direito e autor de artigos jur\u00eddicos.<\/p>\n<p>[\/vc_column_text][\/vc_column_inner][\/vc_row_inner][\/vc_column][vc_column width=&#8221;1\/6&#8243;][\/vc_column][\/vc_row][vc_row][vc_column]<div class=\"cz_gap clr  hide_on_tablet hide_on_mobile\" style=\"height: 100px\"><\/div><div class=\"cz_gap show_on_tablet clr  show_only_tablet\" style=\"height: 80px\"><\/div><div class=\"cz_gap show_on_mobile clr\" style=\"height: 30px\"><\/div>[\/vc_column][\/vc_row]<\/p>\n<\/div>","protected":false},"excerpt":{"rendered":"<p>[vc_row][vc_column][\/vc_column][\/vc_row][vc_row][vc_column width=&#8221;1\/6&#8243;][\/vc_column][vc_column width=&#8221;2\/3&#8243;][vc_column_text] Henrique Silva Advogados Associados [\/vc_column_text][vc_column_text]Sociedade de advogados, devidamente &#8230; <\/p>\n","protected":false},"author":1,"featured_media":156,"parent":0,"menu_order":0,"comment_status":"closed","ping_status":"open","template":"","meta":{"footnotes":""},"class_list":["post-2","page","type-page","status-publish","has-post-thumbnail","hentry"],"_links":{"self":[{"href":"https:\/\/henriquesilva.adv.br\/index.php\/wp-json\/wp\/v2\/pages\/2","targetHints":{"allow":["GET"]}}],"collection":[{"href":"https:\/\/henriquesilva.adv.br\/index.php\/wp-json\/wp\/v2\/pages"}],"about":[{"href":"https:\/\/henriquesilva.adv.br\/index.php\/wp-json\/wp\/v2\/types\/page"}],"author":[{"embeddable":true,"href":"https:\/\/henriquesilva.adv.br\/index.php\/wp-json\/wp\/v2\/users\/1"}],"replies":[{"embeddable":true,"href":"https:\/\/henriquesilva.adv.br\/index.php\/wp-json\/wp\/v2\/comments?post=2"}],"version-history":[{"count":56,"href":"https:\/\/henriquesilva.adv.br\/index.php\/wp-json\/wp\/v2\/pages\/2\/revisions"}],"predecessor-version":[{"id":206,"href":"https:\/\/henriquesilva.adv.br\/index.php\/wp-json\/wp\/v2\/pages\/2\/revisions\/206"}],"wp:featuredmedia":[{"embeddable":true,"href":"https:\/\/henriquesilva.adv.br\/index.php\/wp-json\/wp\/v2\/media\/156"}],"wp:attachment":[{"href":"https:\/\/henriquesilva.adv.br\/index.php\/wp-json\/wp\/v2\/media?parent=2"}],"curies":[{"name":"wp","href":"https:\/\/api.w.org\/{rel}","templated":true}]}}